on factor of 480 and 550800.
240
What is the greatest common divisor of 6846 and 16?
2
Calculate the greatest common factor of 10571 and 451.
11
What is the highest common divisor of 292908 and 132?
132
What is the highest common factor of 504 and 81858?
42
What is the highest common factor of 172382 and 1176?
98
What is the highest common factor of 996 and 1328?
332
What is the greatest common factor of 285 and 129561?
57
Calculate the greatest common divisor of 54 and 501.
3
Calculate the highest common divisor of 146 and 12182.
2
What is the highest common factor of 206661 and 273?
273
What is the greatest common factor of 1236279 and 132?
33
What is the greatest common factor of 7743666 and 294?
294
What is the greatest common divisor of 170 and 437614?
34
What is the highest common divisor of 756468 and 24?
12
Calculate the highest common divisor of 128 and 2096.
16
Calculate the greatest common divisor of 2156404 and 4.
4
Calculate the greatest common divisor of 489741 and 273.
21
What is the greatest common factor of 33 and 21538?
11
Calculate the highest common divisor of 105 and 16365.
15
What is the greatest common factor of 356808 and 24?
24
What is the highest common factor of 900 and 478350?
450
What is the greatest common factor of 24797 and 17557?
181
Calculate the greatest common divisor of 50630 and 332.
166
Calculate the greatest common factor of 1476 and 274167.
369
Calculate the greatest common factor of 629 and 592.
37
Calculate the greatest common factor of 35226 and 148320.
1854
Calculate the greatest common factor of 1288 and 920.
184
Calculate the greatest common factor of 398 and 124375.
199
Calculate the greatest common factor of 1923 and 84.
3
What is the highest common divisor of 13 and 35875619?
13
What is the highest common divisor of 4273027 and 463?
463
What is the greatest common divisor of 34800 and 25?
25
What is the greatest common divisor of 45680 and 800?
80
Calculate the highest common factor of 15 and 135840.
15
What is the highest common divisor of 11883 and 3029?
233
What is the highest common factor of 12725 and 69733?
509
What is the highest common factor of 282 and 8274?
6
What is the highest common divisor of 4401 and 243?
27
What is the greatest common divisor of 26289 and 828?
207
What is the greatest common factor of 4686 and 147822?
426
What is the highest common divisor of 1645000 and 8?
8
What is the highest common factor of 6447 and 84?
21
What is the greatest common factor of 36725 and 78?
13
What is the highest common factor of 16 and 3442?
2
Calculate the highest common divisor of 486 and 276372.
162
What is the highest common divisor of 121 and 473814?
11
Calculate the highest common factor of 4298 and 22862.
14
What is the highest common factor of 39 and 1226264?
13
What is the highest common factor of 17281 and 22?
11
What is the greatest common factor of 602205 and 315?
15
Calculate the greatest common factor of 7 and 34811.
7
What is the highest common factor of 178236 and 624?
12
What is the highest common factor of 56845 and 10?
5
Calculate the greatest common divisor of 24 and 168396.
12
Calculate the highest common factor of 150 and 1700.
50
Calculate the greatest common factor of 266230 and 553.
79
Calculate the highest common divisor of 1100 and 425300.
100
Calculate the highest common factor of 550966 and 65.
13
Calculate the highest common factor of 274516 and 17.
17
Calculate the greatest common divisor of 1048 and 160868.
524
What is the greatest common divisor of 434 and 14849?
31
Calculate the highest common factor of 26829 and 189.
9
What is the highest common divisor of 40 and 108520?
40
What is the highest common factor of 9538 and 836?
38
What is the highest common divisor of 4354 and 108228?
622
What is the highest common factor of 227696 and 1148?
28
What is the highest common divisor of 19856 and 1904?
272
What is the greatest common factor of 3448 and 56?
8
Calculate the greatest common factor of 3969 and 6318.
81
Calculate the highest common factor of 160557 and 327.
327
What is the highest common divisor of 14 and 191954?
14
What is the highest common divisor of 238530 and 264?
6
What is the highest common factor of 12450 and 19090?
830
What is the highest common divisor of 47 and 105139?
47
Calculate the highest common factor of 385875 and 5.
5
What is the highest common factor of 23 and 62100?
23
What is the highest common factor of 161784 and 840?
168
What is the highest common divisor of 822 and 1016814?
822
Calculate the highest common factor of 13424796 and 1336.
668
What is the greatest common factor of 16 and 648496?
16
Calculate the greatest common factor of 12087 and 178619.
1343
Calculate the greatest common factor of 1100 and 10516.
44
Calculate the highest common factor of 126 and 50988.
42
What is the greatest common divisor of 590477 and 942?
157
What is the greatest common factor of 435 and 377?
29
Calculate the highest common divisor of 41471 and 2936.
367
Calculate the greatest common factor of 885 and 336831.
177
What is the greatest common factor of 83213 and 10582?
481
Calculate the highest common factor of 44 and 1671604.
44
What is the greatest common factor of 10699 and 27982?
823
Calculate the greatest common divisor of 1541 and 36649.
67
Calculate the highest common divisor of 2806 and 1472.
46
What is the highest common divisor of 2384604 and 36?
36
What is the highest common divisor of 4 and 9644?
4
Calculate the greatest common factor of 274 and 294961.
137
What is the greatest common divisor of 120 and 39936?
24
What is the highest common divisor of 5023375 and 875?
875
Calculate the greatest common factor of 114254 and 196.
14
What is the highest common divisor of 25515 and 132840?
405
Calculate the greatest common factor of 10449 and 516.
129
What is the greatest common factor of 46902 and 420?
6
Calculate the greatest common divisor of 1875890 and 2180.
1090
What is the highest common factor of 57964 and 1204?
172
Calculate the highest common factor of 1826 and 1529.
11
Calculate the greatest common factor of 4670 and 24751.
467
Calculate the greatest common factor of 137056 and 24.
8
Calculate the highest common factor of 844 and 4828946.
422
What is the highest common divisor of 1773 and 5778?
9
Calculate the greatest common factor of 1580 and 209745.
395
What is the greatest common factor of 102 and 30753?
51
Calculate the greatest common factor of 171276 and 84.
84
What is the greatest common divisor of 83502 and 54?
18
What is the greatest common factor of 7320 and 4440?
120
Calculate the greatest common factor of 252 and 489888.
252
What is the greatest common factor of 220 and 56815?
55
What is the highest common divisor of 2139 and 357558?
69
What is the greatest common divisor of 43340 and 1760?
220
Calculate the greatest common factor of 18297 and 133.
19
What is the highest common divisor of 72875 and 2332?
583
Calculate the greatest common factor of 177911 and 89.
89
What is the greatest common divisor of 119704 and 2054?
26
What is the highest common divisor of 690 and 1367350?
230
What is the greatest common divisor of 21076 and 44?
44
Calculate the greatest common divisor of 256 and 3040.
32
Calculate the greatest common factor of 8463 and 12558.
273
Calculate the greatest common factor of 1381640 and 40.
40
What is the greatest common divisor of 178849 and 71?
71
Calculate the highest common factor of 28 and 12019.
7
What is the highest common divisor of 42 and 18438?
42
What is the highest common divisor of 63 and 489663?
9
What is the greatest common factor of 496 and 6845792?
496
What is the highest common factor of 17534 and 66?
22
What is the greatest common factor of 26712 and 192072?
1272
What is the greatest common factor of 506 and 785588?
46
Calculate the greatest common divisor of 19484 and 16.
4
What is the greatest common divisor of 1363 and 1711?
29
What is the greatest common factor of 1658 and 2356?
2
Calculate the greatest common factor of 208 and 95888.
208
What is the greatest common divisor of 482083 and 427?
427
Calculate the highest common factor of 187233 and 973.
139
What is the highest common factor of 345586 and 2144?
134
Calculate the greatest common divisor of 40327 and 196.
49
Wh